at is -3447 + -3?
-3452
In base 14, what is -20 + -b3?
-d3
In base 15, what is b9ee - -2?
ba01
In base 15, what is 5b5 - -5?
5ba
In base 6, what is 2 + 313?
315
In base 11, what is 14a60 - 1?
14a5a
In base 9, what is -1425 - -17?
-1407
In base 8, what is 0 + 54?
54
In base 9, what is 12 - 110?
-87
In base 7, what is -3032 - -4?
-3025
In base 8, what is -254 + -2?
-256
In base 8, what is 161 + 5?
166
In base 8, what is -27 - -266?
237
In base 11, what is -83 - -3?
-80
In base 13, what is 7 - -16?
20
In base 7, what is 5 - 24?
-16
In base 12, what is 27 - -94?
bb
In base 11, what is 1271 - -1?
1272
In base 8, what is -2 - -3011?
3007
In base 11, what is 3 + 887?
88a
In base 13, what is 0 - -1?
1
In base 12, what is -24 - -b1?
89
In base 7, what is 1 + 421?
422
In base 3, what is -12 - 1012000?
-1012012
In base 7, what is -40 - 46?
-116
In base 11, what is a + 3?
12
In base 4, what is 2110 + 11?
2121
In base 4, what is 3 - -310?
313
In base 4, what is 20 - -100232?
100312
In base 12, what is -5b1 - -2?
-5ab
In base 4, what is 102 + -11?
31
In base 14, what is 2 + -88?
-86
In base 4, what is 11111 + 11?
11122
In base 3, what is 11 - 220110?
-220022
In base 2, what is 101 - 100100101101?
-100100101000
In base 14, what is 3a1 - 4?
39b
In base 13, what is 702 + 4?
706
In base 5, what is 11034 + -10?
11024
In base 10, what is 5 + 2?
7
In base 4, what is 11 + 30211?
30222
In base 15, what is -b9 + 3?
-b6
In base 10, what is -408 + 14?
-394
In base 14, what is -48 + 23?
-25
In base 13, what is 6 + -3b?
-35
In base 13, what is -5 + 254?
24c
In base 10, what is -94 - -15?
-79
In base 15, what is 1 + -9c?
-9b
In base 7, what is 23313 + -4?
23306
In base 8, what is 4 + -5376?
-5372
In base 3, what is -212012 - 11?
-212100
In base 13, what is 295 + 5?
29a
In base 3, what is 220 - -221?
1211
In base 3, what is -120111 + -12?
-120200
In base 6, what is 5 + -2213?
-2204
In base 5, what is -11 + 10?
-1
In base 14, what is 25 + 0?
25
In base 4, what is 3 - -20133?
20202
In base 8, what is -2 + 1611?
1607
In base 9, what is -5 - -6?
1
In base 5, what is 1 - -1010?
1011
In base 13, what is 0 + -432?
-432
In base 15, what is 0 - -756?
756
In base 7, what is -4 + 16?
12
In base 13, what is 5 + -57a?
-575
In base 15, what is 4 - 1b?
-17
In base 3, what is -10 - -2021?
2011
In base 13, what is 5 - -5c?
64
In base 7, what is -234 - -13?
-221
In base 10, what is 6496 - -5?
6501
In base 6, what is 223 + 4?
231
In base 8, what is 37 + 611?
650
In base 7, what is 6 - 4?
2
In base 15, what is -107 + 3?
-104
In base 11, what is -14 - -14?
0
In base 2, what is -10010 + -10111?
-101001
In base 3, what is 1 + 0?
1
In base 11, what is 7 + 345?
351
In base 13, what is 1a3 + 1?
1a4
In base 15, what is -1 + -a2c?
-a2d
In base 12, what is -3 - 117?
-11a
In base 8, what is 42 + -11?
31
In base 2, what is 100100111 + 111?
100101110
In base 15, what is 7 + -c?
-5
In base 10, what is -16 - -549?
533
In base 11, what is -100 - -a?
-a1
In base 12, what is 3 + -39?
-36
In base 10, what is -14 + -25?
-39
In base 4, what is -1132 + -112?
-1310
In base 6, what is 1025 - -3?
1032
In base 5, what is -3 + -2042?
-2100
In base 4, what is -1 + -1001?
-1002
In base 13, what is 17 + -10?
7
In base 3, what is 1122002 + -2?
1122000
In base 11, what is a - 240?
-231
In base 11, what is 14a3 + -10?
1493
In base 2, what is -11001 + -1010?
-100011
In base 5, what is 4 + 1431?
1440
In base 14, what is -81 + 2?
-7d
In base 9, what is 25 - 26?
-1
In base 11, what is 8 - -318?
325
In base 3, what is 12021211 + -2?
12021202
In base 14, what is 16c + -19?
153
In base 7, what is -143 - -6?
-134
In base 6, what is 101210 - 2?
101204
In base 13, what is -1014 + -5?
-1019
In base 9, what is 7 - 267?
-260
In base 12, what is -a + -163?
-171
In base 16, what is 3 - -1?
4
In base 5, what is 2 + 213?
220
In base 14, what is -4 - -32?
2c
In base 6, what is 50 - 310?
-220
In base 9, what is 0 - 681?
-681
In base 16, what is -3 + -3b?
-3e
In base 15, what is 2 + -5e?
-5c
In base 10, what is 637 + 7?
644
In base 10, what is 2 - -66?
68
In base 16, what is 2 + 150?
152
In base 7, what is -2 - 10116?
-10121
In base 12, what is 1 - -4a?
4b
In base 12, what is -2 - -200?
1ba
In base 16, what is -79 + 11?
-68
In base 11, what is 162 + -2?
160
In base 5, what is -3 - 223?
-231
In base 2, what is -100 - -10?
-10
In base 2, what is -100 - 101000?
-101100
In base 11, what is -6 - 29?
-34
In base 2, what is 1100 - -1101?
11001
In base 7, what is 4 - -231?
235
In base 8, what is -1527 + 5?
-1522
In base 6, what is -120 + 3?
-113
In base 13, what is 0 - 61b?
-61b
In base 4, what is 3231031 - 1?
3231030
In base 6, what is 33 - -114?
151
In base 3, what is -2 + 100120?
100111
In base 8, what is 1 - -46?
47
In base 6, what is -3143 + 10?
-3133
In base 2, what is -1 + 10100000100?
10100000011
In base 6, what is -4 - 1545?
-1553
In base 16, what is d + -7?
6
In base 11, what is 5 + 66a?
674
In base 16, what is -5d + -9?
-66
In base 15, what is -3e - 0?
-3e
In base 10, what is 653 - -23?
676
In base 3, what is -10 - -101100?
101020
In base 11, what is -4809 - -4?
-4805
In base 11, what is -1a - -93?
74
In base 5, what is -1220 + 102?
-1113
In base 3, what is 0 - 120?
-120
In base 3, what is 20 - -1222102?
1222122
In base 11, what is 28 - 5?
23
In base 4, what is -12 + -112?
-130
In base 16, what is -530 - 1?
-531
In base 8, what is -12 + 214?
202
In base 5, what is 23432 + 3?
23440
In base 2, what is 111001111 - -1?
111010000
In base 13, what is 1a0 - 4?
199
In base 8, what is -211 - 6?
-217
In base 4, what is 103 - 31?
12
In base 10, what is -5347 - 4?
-5351
In base 11, what is -10683 + 1?
-10682
In base 16, what is -1 - -342?
341
In base 7, what is 3 - -3164?
3200
In base 7, what is 641 - 2?
636
In base 5, what is -12340 - 10?
-12400
In base 4, what is -1030032 - -13?
-1030013
In base 11, what is -27 + -1?
-28
In base 4, what is 0 - 23120?
-23120
In base 3, what is 120 + 200?
1020
In base 4, what is -2 - 10010?
-10012
In base 14, what is -c + bd?
b1
In base 4, what is 10 + 21131?
21201
In base 12, what is -1 - -163?
162
In base 12, what is -56 - -210?
176
In base 13, what is 1924 - -3?
1927
In base 4, what is 32102 + -3?
32033
In base 16, what is -2 + 306?
304
In base 2, what is 10110010 - -1010?
10111100
In base 5, what is -23 + -344?
-422
In base 13, what is a + 5?
12
In base 13, what is -941 - 0?
-941
In base 7, what is -5 - 201?
-206
In base 3, what is 12 - 2112?
-2100
In base 9, what is 14 - -841?
855
In base 12, what is 74 + -7?
69
In base 14, what is 772 - -2?
774
In base 9, what is 13 + -10?
3
In base 15, what is -15 - -3e?
29
In base 10, what is -183 + 80?
-103
In base 11, what is -9 - -2a2?
294
In base 12, what is -8b - -4?
-87
In base 9, what is 7 + -271?
-263
In base 2, what is 10 + -1?
1
In base 13, what is -1a + -11?
-2b
In base 8, what is 14 + -3147?
-3133
In base 14, what is -182 - 54?
-1d6
In base 2, what is -11 + 110101?
110010
In base 3, what is 1100 - 21?
1002
In base 5, what is -202 - -3?
-144
In base 10, what is 4 - -57?
61
In base 10, what is 6 + 1?
7
In base 7, what is -24 - -5?
-16
In base 3, what is 102001112 - -1?
102001120
In base 9, what is -4 - 187?
-202
In base 12, what is -b + 8b?
80
In base 14, what is -23c - 3?
-241
In base 15, what is -b + 129?
11d
In base 6, what is 51 - 10?
41
In base 6, what is -41 + 20?
-21
In base 10, what is -2 - -28?
26
In base 11, what is 2 + 2a7?
2a9
In base 6, what is 115 - 2?
113
In base 3, what is 212 + 0?
212
In base 11, what is 5081 + 0?
5081
In base 3, what is 10212 + 202?
11121
In base 12, what is -1 + -98?
-99
In base 12, what is -3 + -1a5?
-1a8
In base 4, what is -110202 + -32?
-110300
In base 8, what is 633 + 3?
636
In base 6, what is -3054 - 12?
-3110
In base 7, what is 0 - 45?
-45
In base 3, what is -2 + -202112?
-202121
In base 3, what is 202 - 121?
11
In base 11, what is -28 - 156?
-183
In base 3, what is 2002 - -2?
2011
In base 12, what is 17729 - 5?
17724
In base 16, what is 2 + d?
f
In base 2, what is -10 - -1100110?
1100100
In base 5, what is -3 - 21?
-24
In base 8, what is 100 + -562?
-462
In base 9, what is 654 - 37?
616
In base 13, what is 7 - 53?
-49
In base 15, what is 3b5 - 3?
3b2
In base 14, what is -12 + d?
-3
In base 6, what is 13222 + -1?
13221
In